**2 + 2*z - 1. Determine u(x).
14
Suppose 3*k + 5*f = -7 + 2, 0 = 2*k - 2*f - 18. Let p(w) = w - 7. Let l(d) = 0 - 15 + d + 2*d. Let u(g) = k*p(g) - 2*l(g). What is u(-5)?
0
Let p(w) be the second derivative of 11*w**3/6 + w**2 - 11*w. Determine p(-2).
-20
Let o(n) = 25 - 2*n - 26 + 2*n + n**2. Determine o(-3).
8
Suppose 0*p + p - 6 = 0. Let k(f) = 6*f**2 - 3*f**2 + p*f - 4 + 5*f**2 + f**3 + 0*f**2. Give k(-7).
3
Let p(i) = 35*i - 85*i + 28*i + 26*i - 4. Determine p(3).
8
Let s(q) = q**2 - q + 1. Let b(d) = -4*d**2 + 2*d - 4. Let j = 4 - 1. Let m(k) = j*s(k) + b(k). Let p(o) be the first derivative of m(o). Determine p(-2).
3
Let g(m) = -4*m + 3. Let v(c) = 11*c - 8. Let x(y) = -8*g(y) - 3*v(y). Determine x(-1).
1
Let k(d) = -d - 4. Let v be k(-4). Suppose -3*i + v*i - 36 = 0. Let c = -6 - i. Let n(l) = l**3 - 6*l**2 - l + 5. What is n(c)?
-1
Let u(d) = -2*d - 4. Let k(i) = -i - 4. Let h(n) = 3*k(n) - 2*u(n). Let g be 3 - (-5 - (-1 - 0)). Let p = 4 - g. Give h(p).
-7
Let c = -4 + 6. Let y(i) = 0*i**3 - i**3 - 2 + 3*i**2 + 71*i - 73*i. Determine y(c).
-2
Let f(i) = -20*i**2 - 11*i - 3. Let t(z) = -7*z**2 - 4*z - 1. Let a(b) = -6*f(b) + 17*t(b). What is a(2)?
1
Let b(j) = -15*j**2 + 23*j + 14. Let l(z) = 7*z**2 - 11*z - 7. Let s(i) = 6*b(i) + 13*l(i). Calculate s(5).
-7
Let y(u) = -5*u**2 - u - 6. Let j(x) = -14*x**2 - 3*x - 18. Let h = 3 - -3. Let f(v) = h*j(v) - 17*y(v). Determine f(0).
-6
Let u(s) = 4*s**2 - 28*s - 22. Let v(f) = -f**2 + 9*f + 7. Let b(g) = 2*u(g) + 7*v(g). Calculate b(-5).
-5
Let f = -9 + 11. Suppose 2 = 2*x - 2. Let g(i) = -3*i**f + 0*i**2 - 2*i**x - i**3. What is g(-5)?
0
Let g(m) = -m**3 - 5*m**2 - 3*m - 7. Let y = -6 - -15. Suppose 0 = 3*h + y, -z + 4*h - 3 = 2*z. What is g(z)?
8
Suppose -3*u = 2*u - 10. Let f(l) be the second derivative of 2*l + 0 + 1/2*l**u - 1/3*l**3. Calculate f(1).
-1
Suppose -3*r + 2*i = -4, -3*r - 2*i - 4 = -8*r. Let j(m) = -m**2 - m - 4. Determine j(r).
-4
Suppose 25*w - 20 = 20*w. Let o(j) = 0 + 3 + 7*j**3 - 6 + w - 2*j**2. Give o(1).
6
Let u(j) = -j**3 + 4*j**2 - 3. Let q(r) = r**3 + 12*r**2 + 4. Let c be q(-12). Calculate u(c).
-3
Let m(y) be the first derivative of -y**2/2 + y + 1. Let f = -2 + -1. Let r(l) = 3*l + 4. Let n be r(f). Calculate m(n).
6
Let v(r) = 2*r**2 - 16*r + 6. Let g(w) = w**2 - 8*w + 3. Let h(n) = 13*g(n) - 6*v(n). What is h(9)?
12
Suppose 2*r + r = -18. Let d(x) = 6*x**3 - 12*x**2 + 5*x - 14. Let v(j) = -5*j**3 + 11*j**2 - 5*j + 13. Let g(i) = -6*d(i) - 7*v(i). Determine g(r).
-1
Let m(c) = -c + 2. Let g be 0*(-2 + (-12)/(-8)). Give m(g).
2
Let a(w) = -w**3 + w**2 + 5*w - 4. Let j = 8 - 3. Suppose -2*v - j*i + 21 = 0, v - 3*i - 1 = -7. Determine a(v).
-7
Let h(a) be the first derivative of a**4/2 + 4*a**3/3 + 3*a**2/2 + a + 48. Calculate h(-2).
-5
Let w(z) = -z**2 + 2*z - 1. Let i = -1 - -1. Suppose -f + 5*x - 15 + 4 = 0, i = -5*f + x + 41. Let p be (3/f)/(2/6). Calculate w(p).
0
Let r(d) be the first derivative of -d**5/60 - 5*d**4/24 - 2*d**3/3 + 3*d**2 - 2. Let s(o) be the second derivative of r(o). Give s(-5).
-4
Let p(f) be the first derivative of 1/3*f**3 + 6*f - 1 - 1/2*f**2. Determine p(0).
6
Let c(p) = p + 20. Let h be c(0). Suppose 5*q = 3*r - 27, -q = 2*r - 5*q - h. Suppose r*z + 19 + 1 = 0. Let x(f) = f**2 + 7*f + 2. Give x(z).
-8
Let d(i) = 1 - 9*i + 18*i - 5*i. Calculate d(-8).
-31
Let m(q) = -q**2 - 4*q. Let t be -3 + (-1 - -2) - 2. Determine m(t).
0
Let h(s) = -s**3. Let d(l) = 2*l**3 - 4*l**2 + 1. Let m(u) = d(u) + 3*h(u). Calculate m(-2).
-7
Let y = 15 + -11. Let b(j) = 7*j**3 - 1 + 7*j**3 + 4*j**2 - 26*j**3 + 11*j**3 + j. What is b(y)?
3
Suppose -4*b - b - 4 = 4*d, 5*d + 5 = 5*b. Let o(x) = 4 + b*x**3 - 4 + x**3 + x - 5*x**2 - 6. Let v = -5 - -10. Determine o(v).
-1
Let l(c) = 2*c - 6. Let p = -3 + 4. Let o = -20 - -14. Let i be -4 - -2 - o*p. What is l(i)?
2
Let g be 1/(-3) - (-91)/21. Let x(p) = 4*p - 1 - 5*p**2 + p**3 + 4*p**2 + g + 4*p**2. What is x(-3)?
-9
Suppose -4*c + 4*x + 0*x - 4 = 0, -3*c - 2*x - 18 = 0. Let d(p) be the second derivative of p**5/20 + 5*p**4/12 + p**3 + 3*p**2 + p. Give d(c).
-2
Suppose s - 1 = -2. Let f be -1*(s + -1 + 0). Let m(u) = -3*u**2 - 8*u + 5 - u**f + 5*u**2. Determine m(5).
-10
Let v(l) = l**2 - 2*l**3 + 1 - 6 + 2*l - 8*l - 2*l**3. Let w(m) = 5*m**3 - 2*m**2 + 7*m + 5. Let f(g) = 6*v(g) + 5*w(g). Calculate f(4).
-9
Let d = -21 - -18. Let x(h) = -h**2 + h + 3. Give x(d).
-9
Let m = 0 - 4. Let b(h) be the second derivative of h**4/12 + h**3/6 - 5*h**2/2 + 60*h. What is b(m)?
7
Let n(o) = o**3 + o**2 + 2*o + 14. Let y(f) = 3*f**3 + 2*f**2 + 5*f + 29. Let t(i) = 5*n(i) - 2*y(i). Determine t(0).
12
Let u be (-1)/(-2)*(-10 + 6). Let i be (-2 - -1) + u/(-1). Let q(p) = 4*p**2 - 4*p - 1. Let s(j) = -j**2 + j. Let h(x) = q(x) + 5*s(x). Give h(i).
-1
Let j(v) = -v**3 + 8*v**2 + 2*v**3 - 18 + 24. Determine j(-8).
6
Let v(r) be the third derivative of -r**6/120 + r**5/15 - r**4/24 - 2*r**2. Let i be v(2). Let j(y) = y - 9. Give j(i).
-3
Let n be ((-2)/(-3))/(1/3). Let y be n/(-6)*(5 + -2). Let c(m) = -4*m**2 - 7*m - 6. Let t(z) = -3*z**2 - 6*z - 5. Let i(b) = 4*c(b) - 5*t(b). Give i(y).
-2
Suppose 0 = f - 4*f + 12. Suppose -j = 4*q + 28, -2*q - 34 = q + f*j. Let l(h) = -h**3 - 7*h**2 - 5*h. Give l(q).
-6
Let v(r) = -8*r**3 - 5 + 4*r + 11 + 7*r**3 + 5*r**2 + 0*r**3. Let k = -7 + 13. Give v(k).
-6
Let t(h) = h**3 - 5*h**2 - 7*h. Let f = -10 + 16. Calculate t(f).
-6
Let b = 0 - -6. Let r(f) = -3*f - 17. Let a(d) = d + 6. Let o(z) = b*r(z) + 17*a(z). Give o(5).
-5
Let v(n) be the second derivative of -n**3/6 + 9*n**2/2 - 2*n - 6. What is v(15)?
-6
Let v(x) be the second derivative of x**4/12 + 7*x**3/6 - 3*x**2/2 - 6*x. What is v(-8)?
5
Let a = 4 + -2. Let p be a - (0 - -3)*-1. Let m(r) = -3*r + p*r - r. Give m(5).
5
Let h(f) = -f + 4. Let n(s) = 6*s**3 - s**2 + 2*s - 1. Let q be n(1). Let r = 12 - q. Calculate h(r).
-2
Let f(i) be the first derivative of 2*i**3/3 - 2*i**2 + 3*i + 24. Determine f(3).
9
Suppose 2*i - 4 = -0*i. Let n(r) be the second derivative of -r**3/6 - r**2 + 13*r. Calculate n(i).
-4
Let z(a) = -2*a**2 + a**2 + 6*a - 14*a + 3 + 0*a**2. Determine z(-7).
10
Let v(f) = -f**3 - f**2 - f + 4. Let z = 0 + 5. Let x = 7 - z. Suppose u - 1 = 2*k, x*k - 3*u + 5 = 2*u. Calculate v(k).
4
Suppose -3 = l - 9. Let i(o) = o**3 - 6*o**2 - o + 7. Determine i(l).
1
Suppose 4*x = 3*y + 29, -1 = -0*y + 2*y + x. Let l(c) = -c**2 - 5*c - 4. Calculate l(y).
2
Let o(d) = -8*d. Let a(j) = -j**3 - 2*j**2 + 6*j + 10. Let c be a(-3). Give o(c).
-8
Let o(t) = -1 + 0*t - 6*t + 5*t. Let p be o(2). Let b(z) = z**3 + 2*z**2 - z - 1. Calculate b(p).
-7
Let o(f) = f**3 - 5*f**2 - 5*f - 5. Suppose -c = -3*z - 15, 6*c - 2*z = 3*c + 24. What is o(c)?
1
Let h(a) = -7*a**3 + a. Let s(f) = f**2 - 10*f + 2. Let z be s(10). Suppose -o + g = 0, -g = -z*o - 2*o + 3. Give h(o).
-6
Let z(a) be the third derivative of a**7/5040 - a**6/240 + a**5/10 + 5*a**2. Let k(l) be the third derivative of z(l). What is k(4)?
1
Let j be 1 + 3 + -2 - 4. Let v = 5 + j. Let a(x) be the second derivative of x**4/12 - 5*x**3/6 - 32*x. Determine a(v).
-6
Let t(c) = 4*c + 2 - 3*c - 5 - 4*c. Determine t(-4).
9
Let z(m) = m**3 + 8*m**2 + 2*m + 10. Let g be z(-8). Let q(i) be the second derivative of i**3/3 + 9*i**2/2 - 15*i. Give q(g).
-3
Suppose -t + 28 = 4*d, 3*t + 4*d + d - 63 = 0. Suppose 3*l + l = -t. Let j(i) = i**3 + 3*i**2 - 4*i - 6. Calculate j(l).
-6
Let n be ((-18)/(-10))/(12/40). Let c(i) = n - 4 + 2*i**2 + 8*i + 5*i**2 + i**3 + 5. Determine c(-6).
-5
Let a(h) = -2*h**3 - 3*h**2 + 10*h - 4. Let v(l) = 3*l**3 + 7*l**2 - 19*l + 8. Let i(p) = 5*a(p) + 3*v(p). Give i(4).
8
Suppose 2*r + 11 - 41 = 0. Let o = r + -9. Let j(u) = u**3 - 7*u**2 + 6*u + 5. Give j(o).
5
Let x(r) be the first derivative of -r**4/4 + r**3 + 7*r**2/2 - 5*r + 5. What is x(4)?
7
Let i(q) = 3*q + 1. Let w be (-18)/(-8)*(-12)/(-9). Give i(w).
10
Let y(j) = -4*j**2 + 2*j - 4. Let d(l) = -3*l**2 + l - 3. Let r(t) = 3*d(t) - 2*y(t). What is r(-2)?
-3
Let y(b) = -b**3 + 6*b**2 - 3*b - 4. Suppose 4*l + 17 = w, -2*w - 2*l + 4 = -0*w. Give y(w).
6
Let l = 10 - 5. Let o(w) = l - 8 + 4 - w. What is o(3)?
-2
Let u(b) = -b. Let j(y) = 3*y. Let f(c) = 4*j(c) + 11*u(c). Let o = 2 - -2. Determine f(o).
4
Let q(l)